 + 21. Let a(s) = s**2 + 7*s + 10. Let v(p) = 5*a(p) - 2*q(p). Let w be 1 + 3 + -14 - -2. Give v(w).
16
Let n(k) = k**2 - 9*k - 5. Let s = 349 - 340. What is n(s)?
-5
Suppose 0 = -2*s + 18 + 14. Let b(r) = r**3 - 4*r + 5 - s*r**2 + 0*r + 3*r + 20*r**2. Determine b(-4).
9
Let s(d) = 3*d - 1. Let f(h) = -12*h + 5. Let c(q) = -2*f(q) - 9*s(q). What is c(-4)?
11
Let r(s) be the second derivative of s**5/20 + 2*s**4/3 + 5*s**3/6 - 3*s**2/2 + 2*s + 138. Calculate r(-7).
11
Let g(r) = -r**3 + 15*r**2 + 6*r - 18. Let c be g(15). Let o = c + -79. Let u(i) = i**2 + 8*i + 7. Give u(o).
0
Let y(n) be the second derivative of -n**3/6 - n**2 - 1176*n. Suppose 34 = -4*l - b - b, -3*l + 2*b = 29. What is y(l)?
7
Let b(d) be the first derivative of -9*d - 1/3*d**3 + 9/2*d**2 - 4. Let j be (-5 - -2 - 4)*-1. Give b(j).
5
Let j(f) be the first derivative of f**6/360 + f**5/30 + f**4/24 + 2*f**3/3 - 36*f - 28. Let k(x) be the third derivative of j(x). Calculate k(-5).
6
Let o(n) be the first derivative of -5*n**2/2 + 17*n - 723. What is o(3)?
2
Let a be (-6)/((-14)/(-7)) - 4 - 2. Let o(h) = h**2 + 8*h - 11. Determine o(a).
-2
Let j(k) = 2*k - 6. Let i(x) = x**3 - 12*x**2 + 23*x - 22. Let o be i(10). Give j(o).
10
Let g(m) be the second derivative of 0*m**2 - 1/12*m**5 - 1/360*m**6 + 0 - 1/6*m**3 + 4*m - 11/24*m**4. Let d(v) be the second derivative of g(v). Give d(-8).
5
Let p(y) = 6*y + 26. Let r(u) = -152*u - 157. Let o be r(-1). Determine p(o).
-4
Suppose -2*f = -3*f - 3. Let m(p) be the third derivative of p**6/120 + p**5/30 + p**4/8 + p**3/2 + 1296*p**2. What is m(f)?
-15
Let g(q) = 9*q + 3. Let p(h) = -10*h - 5. Let x(f) = 5*g(f) + 4*p(f). Calculate x(2).
5
Let b be (-56)/(-20) + (-9)/5 + 2. Suppose 3*o - 4*i - 14 = -5*i, b*i = -4*o + 22. Let a(z) = z**3 - 3*z**2 - 6*z + 1. Give a(o).
-7
Let r be -4 - (0 + -2) - 0. Let g = r + -2. Let a(b) = 4*b + 4. Let j(s) = 17*s + 17. Let q(t) = -26*a(t) + 6*j(t). What is q(g)?
6
Suppose -3*d - 1 = 5*p, -4*d = -d + 2*p - 5. Let c(y) = -d*y**2 - 5*y - y**3 + 3 - 3*y**2 + 0*y. Let u(n) = n**2 + 9*n + 3. Let z be u(-8). Determine c(z).
3
Let l(w) = w - 10. Let t = -66 + 66. Suppose -2*f - g + 11 = -f, 2*f - g - 22 = t. Give l(f).
1
Let i(t) = t**3 - 4*t**2 - 7*t + 6. Suppose -7*d + d + 30 = 0. Calculate i(d).
-4
Let m be 14/5 - (-4 + 19/5). Let c(k) = -5*k**2 + 3*k**3 + 4*k - 2*k**3 + m*k**2 - 3*k. Give c(1).
0
Suppose -v + 21 + 11 = -3*t, 4*v + 22 = -3*t. Let a(f) = 7*f + 63. What is a(t)?
-7
Let j = -2526 + 2527. Let y(b) = 10*b**3 - b. Determine y(j).
9
Let w(u) be the third derivative of 0*u - 7*u**2 + 1/6*u**4 + 0 + 1/3*u**3. Calculate w(-3).
-10
Let f be ((-1)/2)/((-2)/(-32)). Let a = f - -6. Let w(m) = 7*m. Let y(j) = -16*j + 1. Let p(g) = 5*w(g) + 2*y(g). What is p(a)?
-4
Let i(j) be the first derivative of -j**6/120 + j**5/60 + 11*j**3/6 + 21*j**2/2 + 19. Let z(x) be the second derivative of i(x). Give z(0).
11
Suppose 4*f = 2*r, -10 + 4 = 4*f + r. Let a be (-8)/10*(6/(-4) + f). Let y(z) = -4*z**3 + z**2. Give y(a).
-28
Let f(l) be the second derivative of -5/2*l**2 + 0 + 1/3*l**3 + 8*l. Calculate f(5).
5
Let j(r) be the second derivative of 1/12*r**4 + 0*r**2 - 17*r + 11/6*r**3 + 0. Calculate j(-11).
0
Let y be (-54)/90 + -46*(-2)/120. Let q(z) be the third derivative of -1/12*z**4 - 3*z**2 + 0*z + y*z**3 + 0. What is q(-4)?
9
Let i(r) = -r**2 + 6*r + 1. Let o(q) = q**3 + 2*q**2 - 4*q + 2. Let u(k) = k**3 + 3*k**2 - 5*k + 3. Let g(t) = 3*o(t) - 2*u(t). Let h be g(2). Determine i(h).
9
Let c(l) = l**2 + 11*l + 2. Suppose -q - 52 = -45. What is c(q)?
-26
Let o(f) = 11*f + 17. Let a(q) = 5*q + 9. Let d(y) = 13*a(y) - 6*o(y). Suppose -n + 5 = 0, b = n - 0*n - 35. Let j be 0*(b/12 + (-1 - -4)). Determine d(j).
15
Let x(j) be the third derivative of j**5/60 - j**4/6 - 5*j**3/6 + 153*j**2. Suppose -4*q + 29 - 9 = 0. Determine x(q).
0
Let h(x) = -5*x**3 + 2*x**2 - 3*x + 2. Let s = 585 + -584. What is h(s)?
-4
Let o(u) = 3*u**2 - 6*u - 30. Let n be o(-2). Let j(r) = -r**3 - 4*r**2 + 12*r - 4. Determine j(n).
-4
Suppose 3*w - 135 = 3*y, -w + 14 = 3*y - 15. Let t(r) = w*r - 87*r - 1 + 47*r. Suppose 3 = 2*s - 1. Calculate t(s).
1
Let f = -22 - -26. Let d(t) be the second derivative of t**5/60 - 5*t**4/24 - 2*t**3/3 + 3*t. Let w(h) be the second derivative of d(h). Give w(f).
3
Let l(m) be the first derivative of -5/3*m**3 + 0*m**2 - 6 - 1/2*m**4 + 0*m + 1/120*m**5. Let z(w) be the third derivative of l(w). Determine z(6).
-6
Suppose g - 5*g - 8 = 0. Let l(h) = -3*h**3 + 4*h**2 + h + 1. Let b = 35 - 30. Let p(m) = -4*m**3 + 4*m**2 + m + 1. Let j(k) = b*l(k) - 4*p(k). Determine j(g).
7
Let o(u) = -2 - u + 2 - 3 - u**2 + 0*u**2. Suppose -5*c + 10 = -2*t, 5*c - 17 = -t - 7. Determine o(t).
-3
Let a(q) = -q + 3. Let h be a(-5). Let t(i) be the first derivative of h*i - 7*i - i**2 - i - 13. Calculate t(-1).
2
Let c(d) be the second derivative of -d**4/12 + d**3/3 + 3*d**2/2 + 2*d + 281. Determine c(-2).
-5
Suppose -6*k = -k + 10. Let l(n) = -4*n + 12*n + 2 + 2*n - 3*n. Determine l(k).
-12
Let p = -3 - -8. Let g(h) = -20*h - 26. Let b(a) = 7*a + 9. Let k(m) = -17*b(m) - 6*g(m). Let t(w) = 3*w + 7. Let c(y) = 15*k(y) - 6*t(y). Calculate c(p).
-12
Let h(l) = 4*l + 9. Let v(y) = -3*y - 7. Let o(p) = 2*h(p) + 3*v(p). Let r = 3 - 6. Determine o(r).
0
Suppose 2*i + 30 = -18. Let a = -29 - i. Let p(b) be the third derivative of -b**5/60 - b**4/4 - 2*b**3/3 - b**2. Determine p(a).
1
Let t(q) = -q**3 + q**2 - 1. Let x be (-2 + 6/3)*-1. Let j = 1 - x. Let n(v) = 3*v**3 + 3*v + 6. Let s(o) = j*n(o) + 2*t(o). Determine s(-3).
-14
Let i(q) be the first derivative of -q**4/4 + 2*q**3 + 5*q**2 - 10*q - 1. Let u be i(7). Let f(a) = -6 + 2*a + u - 8. Calculate f(-4).
-11
Suppose 4 - 12 = -4*f. Suppose -f*d - 3 = -9. Let z(b) = b - 3. Give z(d).
0
Let z(u) be the first derivative of -u**3 + 5*u**2/2 - 4*u + 31. Suppose -k = 4 - 6. Let l be z(k). Let n(f) = -f + 8. Calculate n(l).
14
Suppose -4*y - 13 = 19. Let r(t) = 5*t**3 - 14*t**2 - 7. Let s(d) = -d**3 + d**2 + 1. Let w(i) = r(i) + 6*s(i). Determine w(y).
-1
Let a(f) = f - 1. Let z(u) = 6*u + 4. Let r(s) = 4*a(s) - z(s). What is r(-11)?
14
Let d(n) = n - 3. Let f be d(7). Let h(v) = -5 + 0 + 7*v - 6*v - f*v. Calculate h(-4).
7
Suppose -79 - 12 = -13*a. Let t(z) = 3*z - 34. Calculate t(a).
-13
Let d(w) = 26*w**2 - 4*w - 3. Let z be d(-1). Let m(l) = 24*l + 0 - z*l + 1. What is m(-4)?
13
Let n(s) = -s**3 + 13*s**2 - 24*s + 23. Let y be n(11). Let j(t) = t**2 + t - 1. What is j(y)?
1
Let p(c) = 2*c. Let j(s) = s**3 + 10*s**2 + 17*s + 10. Let y be j(-8). Suppose 7*f + y*z - 9 = 2*f, 0 = 4*z - 8. What is p(f)?
2
Let x(c) be the second derivative of -2*c**2 - 4/3*c**3 - 18*c + 0 + 1/12*c**4. Suppose 2*a - 10 = 0, o - 4*a = -6*a + 16. Determine x(o).
-16
Let a be (-10)/(-3)*12/(-10). Let w be 3 - 2 - (0 - 2). Let s(x) = 2*x - x - w + 5 - 1. Give s(a).
-3
Let f(a) = 31 - 5 - a - 3 - 12. Calculate f(-6).
17
Let b(t) = 27*t + 46. Let j(d) = 5*d + 9. Let a(m) = 2*b(m) - 11*j(m). Determine a(0).
-7
Let s(p) = -11*p - 2*p + 5*p + 5*p + 12. Calculate s(9).
-15
Let b(m) = 3*m - 1. Suppose 45*s - 7 - 83 = 0. What is b(s)?
5
Let z = 4 - 2. Let g(r) = 0 + 0 - r**3 + 2*r - 2*r**z + 3. Let a be (-11 - -5 - -3)*1. Determine g(a).
6
Let c = 61 + -56. Let y(f) = -f**2 + 4*f - 5. Let j(p) = p. Let t(q) = 2*j(q) + y(q). Give t(c).
0
Let u(a) = -2 - 1 - 3*a + 4*a - 4. Suppose 4*i - 2*g - 8 = -5*g, 0 = -g - 4. Calculate u(i).
-2
Let o(d) = -2 + 17*d + 2 - 7*d - 2*d**2 - d**3 - 9*d. Determine o(-2).
-2
Let g = 1306 + -1303. Let h(d) be the first derivative of -1/2*d**4 + 4 - d - 1/3*d**g - 1/2*d**2. Give h(-1).
1
Let b(f) = 4*f - 22. Let v(z) = z - 7. Let l be (0 - (-4)/(-6)) + (-36)/27. Let n(p) = l*b(p) + 7*v(p). Calculate n(-6).
1
Let f(o) = 18*o**2 - 5. Let d(p) = -18*p**2 + 4. Let k(z) = 5*d(z) + 4*f(z). What is k(-1)?
-18
Let k be 2/(-25) - (-52)/25. Let h(i) be the second derivative of 0 - 7/2*i**k + i**3 + 3*i - 1/12*i**4. Give h(6).
-7
Let g(l) = 3*l**3 - 10*l**2 - 12*l - 7. Let u(c) = 2*c**3 + c**2 + 2*c - 2. Let m(s) = -g(s) + u(s). What is m(12)?
29
Suppose 0 = -38*j + 39*j - 6. Let c(p) = p**3 - 7*p**2 + 4*p + 8. Calculate c(j).
-4
Let w(g) = 7*g**2 - 7*g + 3. Let v(t) = -t**3 + t**2 + t. Let l(b) = v(b) + 